-16*g - 3*f + 6223. List the prime factors of g.
2, 97
Let j = 136 + -520. Let p be ((-5)/(-2))/((-16)/j). What are the prime factors of 48/10*p/3?
2, 3
Let k(p) = -294*p**3 - p**2 + 2*p + 1. What are the prime factors of k(-2)?
5, 7, 67
Let y(o) = -3*o - 6. Let h be y(-4). Suppose -p + 0 = h. List the prime factors of (104/(-6))/(0 - p/(-9)).
2, 13
Let b(k) = 40*k**2 - 4*k + 124. List the prime factors of b(-11).
2, 313
Let g(n) = 5*n**3 - 73*n**2 - 85*n - 109. Let f(k) = 2*k**3 - 37*k**2 - 42*k - 55. Let w(z) = -9*f(z) + 4*g(z). List the prime factors of w(-18).
5, 199
Suppose -8*f - 5*d + 67974 = -5*f, -f + 22630 = -3*d. What are the prime factors of f?
2, 19, 149
Let i = 2465 - 512. What are the prime factors of i?
3, 7, 31
Suppose 4*y = 226*y + 5*y - 4205629. What are the prime factors of y?
97, 191
Suppose 0 = -805*m + 797*m. Suppose 0 = -5*v - 5*c + 45, -4 = -5*v + c + 11. Suppose m*f - 161 = -4*f - 5*q, v*f - 5*q - 191 = 0. List the prime factors of f.
2, 11
Suppose 230*f - 228*f + 13596 = 0. List the prime factors of 0 - 2*f/12.
11, 103
Let r(v) = 699*v**2 + 6*v. Suppose 13*q + 2 = 11*q. What are the prime factors of r(q)?
3, 7, 11
Let r = -25 - -28. Let b be (((-126)/10)/r)/((-10)/(-50)). List the prime factors of (354/21)/((-3)/b).
2, 59
Let m(p) = 80*p + 11 + 14 + 26*p + 13*p. Let v be m(6). Suppose -3*b + 2*a = -553, 7*b = 11*b - 3*a - v. What are the prime factors of b?
181
Let r be 230/(-69)*9/(-6). Suppose -2137 = 3*c + r*v - 7157, 4*c - 5*v = 6740. What are the prime factors of c?
2, 3, 5, 7
Suppose z - 177 = -5*a - 0*a, -2*a - 548 = -3*z. Suppose 0 = 2*d + 2*v - 1138, -4*v + 962 = 2*d - z. List the prime factors of d.
2, 283
Let t(b) = -1. Let v(l) = l + 9. Let g(h) = -2*t(h) - v(h). Let s be g(-10). Suppose c - 81 = -q, 2*q - s*c - 249 = -q. List the prime factors of q.
2, 41
Suppose 13*l + 18*l - 155 = 0. Suppose -4347 + 512 = -l*s. List the prime factors of s.
13, 59
Let q be (-8451)/4 - (-138)/184. Let f = -1391 - q. List the prime factors of f.
7, 103
Let u be (2 - 16)/((-4)/22). Let t = u - 43. Let z = 44 + t. What are the prime factors of z?
2, 3, 13
Let u(t) = -t**3 - 28*t**2 - 44*t + 51. Let s be u(-24). Let n = s - -1706. List the prime factors of n.
509
List the prime factors of (-16 - 12012/(-18))*27.
2, 3, 977
Let g(s) = s**2 + 7*s + 16. Let w be g(-5). Let u = 19 - w. Suppose -388 = -17*j + u*j. What are the prime factors of j?
97
Suppose 408*h - 403*h - 3*i = 26539, 2*h - 10618 = 2*i. List the prime factors of h.
2, 7, 379
Suppose -6*h + 16*h - 6250 = 0. Suppose -19*n + 401 = -h. Suppose 19*c - 1371 = n. What are the prime factors of c?
3, 5
Let b = 197 + -201. Let y(j) = 26*j**2 - 2*j - 3. What are the prime factors of y(b)?
421
Let i = 788 + 588. Suppose -z = 4*q + 3*z + i, -4*q - 2*z = 1386. Let h = -247 - q. List the prime factors of h.
2, 3, 17
Let l = -2853 + 3742. List the prime factors of l.
7, 127
Suppose 10485671 = 148*b + 2193675. List the prime factors of b.
179, 313
Let r = -386 - -86. Suppose 1652 = 9*n - 2452. Let x = r + n. List the prime factors of x.
2, 3, 13
Suppose 43*u - 42*u - 185 = 0. Let l = u + -29. What are the prime factors of l?
2, 3, 13
Let u be (2 + 0)/(0 + 16/11288). Suppose -4*f = -9*f - d + u, 3*f - 4*d = 865. Let g = -144 + f. What are the prime factors of g?
139
Let g(d) = 3*d**3 - 56*d**2 - 13*d - 36. Let a be (-8)/10 + (-1980)/(-100). What are the prime factors of g(a)?
2, 3, 13
Let f = -29 - 6. Let j = -33 - f. Suppose y - j*y + 79 = 2*i, 5*i = 3*y - 215. List the prime factors of y.
3, 5
Suppose 259222 - 40674 + 586452 = 140*m. What are the prime factors of m?
2, 5, 23
Let k = 9 + -2. Let t(v) = -1714*v + 575*v + 569*v + 579*v - 10. What are the prime factors of t(k)?
53
What are the prime factors of (707/35 + -15)/((-3)/(-10065) + 0)?
2, 11, 13, 61
Let s = 13189 + -702. What are the prime factors of s?
12487
Suppose 2*y = -3*w - 12, 7*w - 11*w - 16 = 4*y. What are the prime factors of 9/(9/w) - (0 - 299)?
5, 59
Let v(u) be the third derivative of -u**5/60 + 5*u**4/8 + 64*u**3/3 + 17*u**2 - 2. List the prime factors of v(18).
2, 37
Let f = -48257 + 101382. List the prime factors of f.
5, 17
Let g(w) = -w**2 - w + 8. Let y be g(-3). Suppose -4*r + 4619 = u - 448, 2516 = y*r + 4*u. List the prime factors of r.
2, 317
Let q = 23180 + -16128. What are the prime factors of q?
2, 41, 43
Suppose 0 = 8*w - 28 + 780. Let g = 208 + w. What are the prime factors of g?
2, 3, 19
Let p(m) = -18*m - 138. Let f be (-1054)/31 + 2/1. List the prime factors of p(f).
2, 3, 73
Let p(l) = -226*l + 2709. What are the prime factors of p(-15)?
3, 19, 107
Suppose 175*u + 976680 = 235*u. What are the prime factors of u?
2, 3, 2713
Suppose -2*o - 3 = a - o, -a + 3*o + 17 = 0. Suppose 848 = a*w - 5*j, -9*w + 5*w = j - 1652. What are the prime factors of w?
2, 3, 23
Suppose -2*l - 3548 - 328 = -z, 0 = 4*z - l - 15532. What are the prime factors of z?
2, 971
Let g(q) = q**3 - 6*q**2 + 19*q + 79. Let m(a) = -2*a**2 - a. Let f(h) = g(h) + 3*m(h). List the prime factors of f(13).
2, 3, 19
List the prime factors of 12/(-16)*64/(-12)*1787.
2, 1787
Let i(j) = -129*j**3 + 4*j**2 - j - 2. What are the prime factors of i(-1)?
2, 3, 11
Let j(v) = 2*v**2 + 49*v - 88. Let s be j(-26). Suppose -2*b = -6*b + 112. Let l = s + b. List the prime factors of l.
2, 3
List the prime factors of (41499/(-6))/1*-4.
2, 3, 29, 53
Suppose 23 = -2*t + 27. Suppose 0 = -4*r - t*u + 204, 70 = 2*r - 5*u - 44. Suppose 0 = 3*g - 12, -2*h = 2*h - g - r. List the prime factors of h.
2, 7
Let f = 39763 - 21821. List the prime factors of f.
2, 8971
Let b be -3 - 14/(-6)*3. Suppose -b*a = 4*u - 40, -3*u + 0*a = 2*a - 29. What are the prime factors of (-6)/4*(-696)/u?
2, 29
Let x(k) = -3*k**3 - 4*k**2 - k + 5. Let q be x(-4). Suppose 24*f - 599 - 4249 = 0. Let n = f - q. What are the prime factors of n?
5, 13
Suppose 30*w = -54*w + 1161552. List the prime factors of w.
2, 3457
Suppose 40*s - 41*s + 17105 = -5*w, 68300 = 4*s + 4*w. What are the prime factors of s?
2, 5, 7, 61
Suppose 2*o + 2 = 62. Suppose f + 2*g = -f + 4, -3*f = -5*g - o. What are the prime factors of -2 - -54 - (f - 7)?
2, 3
Let u = 9 - 5. Suppose a - s = 2, 2*a + s + u = -s. Suppose -4*q - 2*i = -a*q - 86, -12 = -4*i. List the prime factors of q.
2, 5
Suppose -12*j + 6847 + 18603 = -42482. List the prime factors of j.
3, 17, 37
Suppose 0 = 7*z - 2*z + 1050. Let j = z - -55. Let f = j + 218. What are the prime factors of f?
3, 7
Let v(o) = -384*o**3 - 3*o**2 - 5*o + 16. List the prime factors of v(-3).
2, 2593
Suppose 0 = -5*j + 2*u - 40, 0 = -3*j + 5*u - 32 + 8. What are the prime factors of j/24 + (-13074)/(-18)?
2, 3, 11
Let w(t) = t**3 - 12*t**2 + t - 20. Let f be w(12). List the prime factors of (-372)/f*(-1)/((-12)/272).
2, 17, 31
Let i(f) = 249*f**2 - 2*f - 4. Let x be i(2). Suppose -2*b - x = 2*b. Let t = -126 - b. What are the prime factors of t?
11
Let u = -6 - -9. Suppose 5*z - 77 = u. Suppose 4*t - z*t = -1236. List the prime factors of t.
103
Let u be (96/(-18))/(24/(-9) - -2). Let b be u/1*(-57)/(-76). What are the prime factors of (b/9)/((1/90)/1)?
2, 3, 5
Let c = 3064 - 3057. What are the prime factors of c?
7
Suppose 10*l = 1701 + 1349. Suppose -5*i + 2*m + 2041 = -l, i = 3*m + 464. List the prime factors of i.
2, 5, 47
Let s(h) = -h**3 + 25*h**2 + 7*h + 32. Let d be s(24). List the prime factors of ((-360)/48)/((-3)/d).
2, 5, 97
Let n = -11 + 18. Suppose -n*d + 2*d + 22 = v, -6 = 2*v. Suppose 0 = -s + d*s - 32. List the prime factors of s.
2
Suppose 3*t = -28 + 40. Suppose 8 = 3*a + a. Suppose 3*j = a*p + 286, -5*j - t*p + p + 464 = 0. List the prime factors of j.
2, 47
Let o(j) be the first derivative of -103*j**2/2 - 25*j - 30. List the prime factors of o(-3).
2, 71
Suppose -5*g = -j - 45225, 4*g - 36196 = -128*j + 132*j. What are the prime factors of g?
2, 7, 17, 19
Suppose 175 = 4*h + 163. Suppose 0 = -q + 4*f + 591, 0*q = -h*q - 5*f + 1807. What are the prime factors of q?
599
Let l be 10*95 - (-5 - 0). Suppose 2*h + 161 = l. What are the prime factors of h?
397
Suppose 5*x - 28904 = -2*w, 6*x - 72302 = -5*w + 4*x. List the prime factors of w.
2, 7, 1033
Let j = 4304 + -3397. List the prime factors of j.
907
Let r(i) = -17*i**2 - 6*i - 10. Let f(v